8
What is the greatest common factor of 3456075 and 36946?
203
Calculate the greatest common divisor of 72 and 441086.
2
What is the highest common factor of 374830038 and 198?
198
Calculate the greatest common factor of 60 and 51667905.
15
What is the greatest common factor of 13800 and 9296025?
1725
Calculate the highest common factor of 777 and 641235.
21
What is the greatest common divisor of 44292909 and 838?
419
What is the highest common factor of 7285482 and 27813?
381
Calculate the highest common divisor of 1032 and 664368.
24
What is the greatest common divisor of 159750523 and 1777?
1777
What is the highest common factor of 58043147 and 4863?
1621
Calculate the highest common divisor of 24462 and 151906.
302
What is the greatest common divisor of 694410 and 82002?
474
Calculate the highest common factor of 156480 and 108.
12
Calculate the highest common divisor of 25 and 10092575.
25
Calculate the highest common factor of 5824275 and 18960.
1185
What is the greatest common factor of 52739280 and 792?
792
Calculate the highest common factor of 2513316 and 3180.
12
Calculate the highest common factor of 1428397 and 50679.
1877
Calculate the greatest common factor of 770 and 26305048.
154
What is the greatest common factor of 391968 and 7776?
288
Calculate the highest common factor of 272412 and 12652668.
5796
Calculate the highest common factor of 50812920 and 9720.
3240
Calculate the greatest common factor of 19700 and 738300.
100
What is the highest common divisor of 178313756 and 1886?
1886
Calculate the highest common divisor of 51 and 856055009.
17
Calculate the greatest common divisor of 36 and 328743.
9
What is the highest common factor of 2805 and 1571340?
15
Calculate the greatest common divisor of 104005 and 49135.
155
What is the greatest common factor of 25659 and 40968?
9
What is the greatest common factor of 508 and 164934265?
127
What is the highest common factor of 201526 and 45678?
46
Calculate the greatest common divisor of 4641260 and 80.
20
Calculate the highest common factor of 67484 and 408.
4
Calculate the greatest common factor of 764431619 and 174.
29
What is the highest common divisor of 24894 and 9938238?
2766
Calculate the greatest common divisor of 11212898 and 122.
122
What is the greatest common factor of 608 and 11489792?
32
What is the greatest common factor of 555 and 20969085?
15
Calculate the greatest common divisor of 23 and 135147379.
23
What is the greatest common divisor of 1200 and 9803760?
240
Calculate the highest common divisor of 76405 and 26963.
59
What is the greatest common divisor of 8 and 1934824?
8
What is the highest common divisor of 1742136 and 27720?
264
What is the highest common divisor of 2569542 and 331134?
1446
Calculate the greatest common factor of 267 and 2941888236.
267
What is the highest common factor of 928 and 32032256?
32
What is the greatest common factor of 2680 and 247864?
8
Calculate the greatest common divisor of 300 and 8546775.
75
What is the highest common factor of 138631 and 2816894?
157
Calculate the highest common factor of 699143 and 32395.
589
Calculate the highest common factor of 1663811253 and 39.
39
Calculate the greatest common factor of 470 and 168363400.
470
Calculate the greatest common factor of 468 and 137553.
39
What is the highest common factor of 7042450 and 33550?
3050
What is the highest common factor of 138928365 and 311?
311
What is the highest common divisor of 5123784 and 384?
24
What is the highest common factor of 24 and 14176168?
8
What is the greatest common factor of 1648 and 469268?
412
What is the highest common factor of 38 and 13580877?
19
What is the highest common factor of 422791 and 2904089?
6931
What is the highest common factor of 770 and 10618?
2
What is the greatest common factor of 21634062 and 2082?
2082
What is the greatest common divisor of 5580844 and 2260?
452
Calculate the highest common divisor of 2177 and 6784154.
311
Calculate the highest common factor of 70 and 34962970.
70
What is the greatest common factor of 105651732 and 438?
438
What is the greatest common factor of 3464 and 989848?
8
What is the greatest common divisor of 13901566 and 70?
14
What is the greatest common divisor of 12 and 52883085?
3
Calculate the highest common divisor of 2635 and 52669.
31
What is the greatest common divisor of 173312 and 13504?
64
Calculate the highest common factor of 35870983 and 12683.
1153
Calculate the greatest common factor of 8316095 and 5.
5
What is the highest common divisor of 9288 and 202204404?
4644
Calculate the greatest common factor of 31 and 114877506.
31
Calculate the greatest common factor of 162901344 and 255.
51
Calculate the highest common factor of 3858 and 75906793.
643
Calculate the highest common divisor of 330 and 636753920.
110
Calculate the greatest common factor of 245089130 and 242.
242
Calculate the greatest common divisor of 11016525 and 1365.
195
Calculate the highest common divisor of 16669 and 1732391.
79
Calculate the greatest common factor of 7735 and 1066065.
455
What is the highest common divisor of 138795 and 1083?
57
What is the greatest common factor of 108 and 4601880?
108
Calculate the greatest common factor of 94292 and 88.
44
Calculate the highest common divisor of 2736 and 49320162.
342
What is the greatest common divisor of 57279 and 1993602?
183
Calculate the greatest common factor of 9008432 and 80.
16
Calculate the greatest common factor of 15201 and 244998.
27
What is the greatest common divisor of 3654 and 181534?
2
Calculate the highest common factor of 1550042 and 1378.
26
Calculate the greatest common divisor of 624495270 and 210.
210
Calculate the greatest common divisor of 793963 and 6018.
59
Calculate the greatest common divisor of 1970 and 1662286.
394
What is the highest common factor of 244 and 1426772?
4
Calculate the highest common divisor of 278 and 2105294.
278
Calculate the greatest common factor of 45 and 111029337.
9
Calculate the highest common divisor of 71016 and 58696.
88
Calculate the highest common factor of 9831 and 13557627.
339
What is the greatest common factor of 3872 and 5868500?
484
What is the highest common divisor of 98604 and 122364?
1188
What is the highest common factor of 127 and 55404893?
127
Calculate the greatest common factor of 7388446 and 87986.
2378
What is the greatest common divisor of 4682616 and 1518?
138
Calculate the greatest common factor of 34969 and 32079.
289
Calculate the greatest common factor of 474606 and 9900.
198
What is the highest common factor of 68 and 164059622?
34
Calculate the highest common factor of 12200 and 3728320.
2440
What is the greatest common divisor of 1953 and 4473021?
651
What is the highest common divisor of 678106462 and 31?
31
Calculate the greatest common factor of 27849815 and 35.
35
What is the greatest common factor of 20437 and 128507?
107
What is the highest common factor of 8 and 276940?
4
Calculate the highest common divisor of 7395075 and 9200.
575
Calculate the greatest common factor of 4980132 and 972.
36
Calculate the greatest common divisor of 11820 and 16876005.
2955
Calculate the greatest common divisor of 1728 and 367207488.
576
What is the greatest common factor of 115 and 204648457?
23
Calculate the highest common divisor of 13293 and 52273773.
1899
What is the greatest common factor of 1642534 and 12874?
314
Calculate the highest common divisor of 61098048 and 48.
48
What is the greatest common divisor of 65076 and 4488?
2244
What is the greatest common divisor of 2153532462 and 24436?
12218
Calculate the greatest common divisor of 3423177 and 293520.
3669
What is the greatest common factor of 1758 and 102183750?
1758
What is the greatest common divisor of 2754136 and 252?
28
Calculate the highest common divisor of 269720 and 3355.
55
What is the greatest common divisor of 4357303 and 48637?
2861
Calculate the highest common factor of 9110924 and 20.
4
What is the highest common divisor of 9987 and 43782?
3
What is the highest common factor of 136221564 and 4712?
2356
Calculate the greatest common divisor of 2757 and 2973.
3
What is the greatest common divisor of 6680669 and 383?
383
Calculate the highest common divisor of 110104 and 5632.
8
What is the highest